o) + j(o). Give z(-5).
-9
Let b(s) = 3*s**2 - 5*s. Let y(j) = -j**2 + 2*j. Let w(o) = -2*b(o) - 7*y(o). Calculate w(3).
-3
Suppose 8*g = 10*g + 6. Let k(v) = 6*v**2 - 2*v + 3. Let d(y) = -5*y**2 + y - 3. Let t(n) = -5*d(n) - 4*k(n). Calculate t(g).
3
Let q(a) = 2*a**2 - 4*a - 1. Let n = 16 - 23. Let d be 1*4 + 6 + n. Determine q(d).
5
Let c(p) = 1 + 0 - 10*p + 6*p. Calculate c(1).
-3
Let f(d) = 9*d + 1. Suppose 3*i + 0*i + x - 20 = 0, -2*i + 30 = 4*x. Suppose -4*n + n - 2 = i*w, 5*w - n = -6. Give f(w).
-8
Let w(r) = -3*r - 3 + r - 2*r. Let i be 22/5 - 2/5. Suppose -i*b + 6*b = -4. Give w(b).
5
Let c(t) = 2*t**2 + 2*t + 3. Let z(q) = q**2 + q - 1. Let h(o) = -c(o) - 2*z(o). Let x(u) = 7*u**2 + 8*u + 2. Let l(r) = 5*h(r) + 3*x(r). What is l(-5)?
6
Suppose 0 = 5*s - b - 17 - 11, 5*s + 3*b - 16 = 0. Let i(o) = -o**2 + 6*o - 5. Determine i(s).
0
Let i(u) = -2*u + 2. Let t = -48 + 46. Determine i(t).
6
Let y(c) be the first derivative of c**4/4 + 2*c**3 - c**2 - c - 25. Determine y(-6).
11
Let l(m) = -2*m**2 + 4. Let c(o) = -3*o**2 - o + 9. Let p = 12 + -10. Let b(u) = p*c(u) - 5*l(u). What is b(2)?
10
Let p(h) = 8*h**2 - 41*h + 2. Let w(c) = -3*c**2 + 14*c - 1. Let a(q) = 4*p(q) + 11*w(q). Calculate a(-10).
-3
Let q(x) = x**3 - 5*x**2 - x + 2. Let j(z) = z**2 + z. Let h be j(-1). Suppose h = -a + 8 - 3. Calculate q(a).
-3
Let j(w) = w - 2. Let x be 14/63 - (-70)/9. Suppose -2*b - 8 = -4*o + x, -1 = -o + 2*b. Give j(o).
3
Let h = 1 + 2. Let j(f) be the first derivative of -2*f**2 + 4*f + 3. What is j(h)?
-8
Let q(j) = -196*j - 11 - 5*j**2 - 1 + 207*j + 4*j**2. Determine q(8).
12
Let w(c) = -c - 3. Let t(u) = -2*u - 3. Let a(d) = 3*t(d) - 4*w(d). Let l be (-5)/(-2)*(-2)/(-5). Suppose l + 2 = k. Give a(k).
-3
Let z(r) = 8*r + 5. Let n(f) = -7*f - 4. Let p(c) = 4*n(c) + 3*z(c). Let l(g) = 5*g + 2. Let i(s) = -5*l(s) - 6*p(s). Determine i(-2).
-2
Let g(l) = 2*l. Let t(z) = 12*z + 5. Let x be t(4). Suppose -13 + x = 5*h. Let m(u) = -u**2 + 9*u - 11. Let q be m(h). Calculate g(q).
-6
Let r(t) = -11*t**2 - 6*t + 1. Let n(u) = -5*u**2 - 3*u. Let a(b) = -9*n(b) + 4*r(b). Calculate a(-4).
8
Let l(o) be the third derivative of o**7/5040 - o**6/240 - 11*o**5/60 - 7*o**2. Let d(a) be the third derivative of l(a). Give d(-5).
-8
Let j(n) = n**2 - 9*n - 12. Let m be j(10). Let s(q) be the first derivative of 2 + 6*q**2 - 7*q**2 + 2*q**2 - 4 + q. Determine s(m).
-3
Suppose 1 = -5*i + 31. Suppose -i = -4*g + 10. Let f(r) be the third derivative of r**5/60 - r**4/8 + r**3/2 + r**2. What is f(g)?
7
Suppose 0 = -q - 4*q + 20. Let x be 1 - 3 - -1*q. Let b(p) = -4*p + 5*p + 3*p. Calculate b(x).
8
Let d(k) be the second derivative of k**5/20 + 7*k**4/12 + 7*k**3/6 - k**2/2 - 38*k - 2. Let g(l) = -l**2 - 2. Let y be g(-2). What is d(y)?
-7
Let o(y) = 2*y + 5. Let k(i) = 2*i + 6. Let d(q) = -4*k(q) + 5*o(q). What is d(4)?
9
Let c(k) be the first derivative of -2*k**3/3 + k**2/2 + k + 1. Let x = -12 + 12. Suppose 2*p + 3*p + 5 = x. Give c(p).
-2
Let f be (-51)/(-9) - (-4)/(-6). Let v be (-2)/(-10) - (-9)/f. Let m(h) = 6*h + 2. Determine m(v).
14
Let o(u) = u**2 + 1 - 4 + 5 - 2*u - 1 - u**3. Let z(h) = -2*h - 3. Let f be z(-4). Suppose 28 = 4*k - f*b, b + 0 = -4. What is o(k)?
-7
Let n(h) = 2*h**3 - 2 + 6*h**2 - 3*h**2 + 0*h**3. Let t = -12 + 14. Suppose 3 = -t*u - 1. Determine n(u).
-6
Let l(q) be the third derivative of 11*q**6/40 - q**4/24 - q**2. Let m be l(1). Suppose -2*i = 5*o - 26, -m = -4*i - 3*o - 8. Let h(r) = -2*r + 2. What is h(i)?
-4
Let u(b) = 4*b + 2. Suppose -3*j + 4*r - 8 = 0, 5*r + 11 = -2*j - 2. Give u(j).
-14
Let o = -22 - -15. Let x be o - 1/(1/(-2)). Let w(d) = -d**2 - 3*d + 6. What is w(x)?
-4
Let g = -183 - -186. Let b(c) = -c**3 + 2*c**2 + 3*c + 3. What is b(g)?
3
Let s(y) = -y**2 + 6*y - 5. Suppose 0*u + 6 = 2*u. Let b be 12/u*2/2. Let c be s(b). Let r(q) = -q**2 + q - 2. Give r(c).
-8
Let k(j) be the first derivative of j**2 + 4*j + 18. What is k(-3)?
-2
Suppose 2*p = 4*p - 2. Let t(b) = 6*b**2 - 2*b + 9. Let w(v) = v**2 + v + 1. Let y(z) = p*t(z) - 5*w(z). What is y(7)?
4
Let y(x) be the second derivative of -3*x**5/20 + x**3 + 5*x**2/2 + 6*x. Let i(n) = 16*n**3 - n**2 - 31*n - 26. Let s(m) = -2*i(m) - 11*y(m). Give s(-2).
5
Let f(l) = -l**3 - 3*l**2 - 4*l - 4. Let g(m) = 2*m**3 + 7*m**2 + 7*m + 7. Let j(t) = 5*f(t) + 3*g(t). Determine j(-6).
-5
Let x be (1/3)/((-4)/24). Let r(t) = -t**3 - 3*t**2 - t. What is r(x)?
-2
Let o(r) = 8*r**2 + r. Let s = -3 + -2. Let v(q) = q**3 + 5*q**2 - q. Let l be v(s). Suppose -h = -5*m + 26, -20 = -0*h - l*h - 5*m. What is o(h)?
7
Let x = 17 + -10. Let v(u) = -u**2 + 6*u - 1. Give v(x).
-8
Let p be (-1)/(1/4*-2). Let n(g) = -2*g**2 + 2*g + 2. Calculate n(p).
-2
Let u(t) = -t**3 - 20 + 2*t**3 + 18. Calculate u(2).
6
Suppose -2*z + 2 + 2 = 0. Suppose 0 = -z*n - 5*l + 3, -2*n + l + 10 - 1 = 0. Let h(w) = -3 - 4 + 2 + 0 - w. Calculate h(n).
-9
Let w = 30 + -19. Suppose -4*p - 11 = -5*k, -k + 3*p + 0 = -w. Let a(g) = 3*g**3 + g. Give a(k).
-4
Suppose -11 - 34 = 9*o. Let p(a) = a**3 + 4*a**2 - 3*a + 1. Give p(o).
-9
Let q(a) = -3*a**2 - 3*a + 6. Let x(p) = -4*p**2 - 2*p + 6. Let s(k) = 3*q(k) - 2*x(k). Give s(-6).
0
Let r(k) = k**2 - 4*k - 2. Suppose 4*g = -2*l, -2*g = -3*l + g + 18. Calculate r(l).
-2
Let w(r) be the third derivative of r**6/120 + r**5/6 + r**4/12 + 7*r**3/3 - 4*r**2 - 10. What is w(-10)?
-6
Let l(h) = 4*h**3 + h**2 - 1. Let q(j) = j. Let w be q(-1). Let f be l(w). Let v(g) be the third derivative of g**5/60 + g**4/8 + g**3/2 + g**2. Give v(f).
7
Let l(z) = -z + 4. Suppose -3*d + 6 = -0. Let b be ((-3)/3)/(d/8). What is l(b)?
8
Let s(k) = -k**3 + 2*k**2 + k + 3. Let i = 4 + 2. Suppose -q + 3*m = 3*q - 18, 0 = -4*q - 3*m + i. Determine s(q).
-3
Let b be (6 + -3 + -2)/(2/6). Let c(w) = w - 1. What is c(b)?
2
Let a(m) = -m**3 + m**2 + 4. Let r be a(0). Suppose 12 = z - r*z. Let k(b) = 2*b - 1 + 3 - 3*b - 3. Give k(z).
3
Let g(o) = 2*o**2 + o - 2. Let d(q) = -2*q**2 + 1. Let a(z) = 5*d(z) + 4*g(z). Suppose -3*t = 5*y - 29, 5*t + 1 = -3*y + 7*y. Calculate a(t).
-9
Let z(c) = c**3 - 3*c**2 + 2*c + 1. Let g be z(2). Let w(i) = g - 3*i - 1. Calculate w(1).
-3
Let f(x) = x**3 - 12*x**2 + 3. Let g be f(12). Suppose 0 = g*i + 5*t - 33, -5*t - 10 + 25 = 0. Let n(o) = -o - 2. Give n(i).
-8
Let j(c) = -3 + 4 + 2*c + 1. Let w(g) = -g**2 + 4*g + 3. Let y be w(5). What is j(y)?
-2
Let y = 108 + -111. Let a(m) = -m**3 - m**2 - m + 4. Determine a(y).
25
Let r(c) be the second derivative of 2*c**3/3 + 3*c**2 + c. Let s be -3 - (6 + 1 + -6). Calculate r(s).
-10
Suppose 0 = 5*h - 2*h + 2*j, -4*h - 2*j = 0. Let u(q) = -q**3 - q**2 + q + 10. What is u(h)?
10
Let g(d) = -2*d + 4*d + d + 1. Let x be g(-1). Let c(n) = -2*n**2 - n + 2. Give c(x).
-4
Suppose -3*w = -x + 4*x - 36, -13 = w - 4*x. Let q(g) = g**3 - 8*g**2 + 6*g + 3. Give q(w).
-4
Suppose -2*p - p + 9 = 0. Let v(q) = 4*q**3 - q**2. Let t(g) = 7*g**3 - 2*g**2 - g - 1. Let d(m) = -3*t(m) + 5*v(m). Give d(p).
-6
Let p = -28 - -40. Suppose -2 = 2*r - p. Let z(h) = -2*h - 1. What is z(r)?
-11
Let r(l) = 8*l + 7. Let n(q) = -15*q - 13. Let w(c) = 4*n(c) + 7*r(c). What is w(3)?
-15
Let v(m) = -m**2 - 10. Let n(s) = -6 - s + 2*s**2 + 6 - s**3. Let i = 11 - 10. Let a be n(i). Give v(a).
-10
Let r(s) be the third derivative of s**6/120 + s**5/20 + s**4/24 - s**3/6 + 5*s**2. Give r(-3).
-4
Suppose -3*z + 2*z = -2. Suppose -5*b - 3*u + 3 = -3, 0 = -2*b - z*u. Let h(o) = o - 5*o + 6*o. What is h(b)?
6
Suppose -2 = 2*v - 8. Let o(w) = 2*w + 2*w + 1 - v*w. Calculate o(1).
2
Let f(c) be the second derivative of -c**4/4 - c**3/6 + c**2/2 - c. Let r = 16 + -15. Calculate f(r).
-3
Let c(u) = u**2 + 9*u. Suppose -24 = -6*x + 9*x. Give c(x).
-8
Let c(j) be the second derivative of -j**7/2520 + j**6/360 + j**5/120 - j**4/6 - j. Let x(i) be the third derivative of c(i). Calculate x(4).
-7
Let j(g) = -2*g**2 + 10*g + 11*g + 3 + 3*g**2 - 14*g. What is j(-6)?
-3
Let u(l) be the first derivative of l**4/8 + l**3/2 + 2*l**2 + 5. Let h(i) be the second derivative of u(i). Let v(m) = -m - 10. Let f be v(-7). Determine h(f).
-6
Let y(z) = 0*z**2 + z + z**2 - 3*z**2 + 2. Suppose 0 = -4*a + 73 - 17. Let f(q) = q**3 - 14*q**2 - q + 16. Let u be f(a). Determine y(u).
-4
Let m be (-52)/12 + (-2)/(